{"id":6,"date":"2024-12-11T00:00:54","date_gmt":"2024-12-10T23:00:54","guid":{"rendered":"https:\/\/lescomv.cluster030.hosting.ovh.net\/?page_id=6"},"modified":"2026-03-29T10:42:37","modified_gmt":"2026-03-29T08:42:37","slug":"reservation","status":"publish","type":"page","link":"https:\/\/www.lescomediensdelagenetouze.fr\/index.php\/reservation\/","title":{"rendered":"Billetterie"},"content":{"rendered":"\n<h2 class=\"wp-block-heading has-text-align-center\">Th\u00e9\u00e2tre des Arts<br>La Gen\u00e9touze<\/h2>\n\n\n\n<p class=\"has-text-align-center\">Les Com\u00e9diens de la Gen\u00e9touze pr\u00e9sentent cette ann\u00e9e<\/p>\n\n\n\n<h2 class=\"wp-block-heading has-text-align-center\"><mark style=\"background-color:rgba(0, 0, 0, 0)\" class=\"has-inline-color has-vivid-red-color\">Le Tartuffe ou l&rsquo;hypocrite<\/mark><\/h2>\n\n\n\n<p class=\"has-text-align-center\">com\u00e9die en 3 actes de Moli\u00e8re restitu\u00e9e par Georges Forestier<\/p>\n\n\n\n<p class=\"has-text-align-center\">Mise en sc\u00e8ne Jean-Claude Gauthier.<\/p>\n\n\n\n<p class=\"has-text-align-center\"><sup>En qu\u00eate de perfection chr\u00e9tienne, le riche Orgon a recueilli chez lui le d\u00e9vot Tartuffe pour qu\u2019il<br>guide toute la maisonn\u00e9e sur les chemins du ciel. Mais Tartuffe a d\u2019autres projets en t\u00eate\u2026 Elmire<br>la femme d\u2019Orgon et la perspective d\u2019une confortable donation du ma\u00eetre de maison sont des<br>projets bien plus passionnants\u2026.<\/sup><\/p>\n\n\n\n<p class=\"has-text-align-center\">\u00c0 vos agendas ! <\/p>\n\n\n<div class=\"wp-block-image\">\n<figure class=\"aligncenter size-large is-resized\"><img loading=\"lazy\" decoding=\"async\" width=\"724\" height=\"1024\" src=\"https:\/\/www.lescomediensdelagenetouze.fr\/wp-content\/uploads\/2025\/12\/Affiche_Tartuffe_ComediensGenetouze_2026-724x1024.jpg\" alt=\"\" class=\"wp-image-1054\" style=\"aspect-ratio:0.7069126484240424;width:506px;height:auto\" srcset=\"https:\/\/www.lescomediensdelagenetouze.fr\/wp-content\/uploads\/2025\/12\/Affiche_Tartuffe_ComediensGenetouze_2026-724x1024.jpg 724w, https:\/\/www.lescomediensdelagenetouze.fr\/wp-content\/uploads\/2025\/12\/Affiche_Tartuffe_ComediensGenetouze_2026-212x300.jpg 212w, https:\/\/www.lescomediensdelagenetouze.fr\/wp-content\/uploads\/2025\/12\/Affiche_Tartuffe_ComediensGenetouze_2026-768x1086.jpg 768w, https:\/\/www.lescomediensdelagenetouze.fr\/wp-content\/uploads\/2025\/12\/Affiche_Tartuffe_ComediensGenetouze_2026-1086x1536.jpg 1086w, https:\/\/www.lescomediensdelagenetouze.fr\/wp-content\/uploads\/2025\/12\/Affiche_Tartuffe_ComediensGenetouze_2026-1448x2048.jpg 1448w, https:\/\/www.lescomediensdelagenetouze.fr\/wp-content\/uploads\/2025\/12\/Affiche_Tartuffe_ComediensGenetouze_2026.jpg 1587w\" sizes=\"auto, (max-width: 724px) 100vw, 724px\" \/><\/figure>\n<\/div>\n\n\n<blockquote class=\"wp-block-quote is-layout-flow wp-block-quote-is-layout-flow\">\n<p class=\"has-text-align-center\"><\/p>\n<\/blockquote>\n","protected":false},"excerpt":{"rendered":"<p>Th\u00e9\u00e2tre des ArtsLa Gen\u00e9touze Les Com\u00e9diens de la Gen\u00e9touze pr\u00e9sentent cette ann\u00e9e Le Tartuffe ou l&rsquo;hypocrite com\u00e9die en 3 actes de Moli\u00e8re restitu\u00e9e par Georges Forestier Mise en sc\u00e8ne Jean-Claude Gauthier. En qu\u00eate de perfection chr\u00e9tienne, le riche Orgon a recueilli chez lui le d\u00e9vot Tartuffe pour qu\u2019ilguide toute la maisonn\u00e9e sur les chemins du &hellip; <\/p>\n","protected":false},"author":1,"featured_media":0,"parent":0,"menu_order":0,"comment_status":"closed","ping_status":"closed","template":"","meta":{"footnotes":""},"class_list":["post-6","page","type-page","status-publish","hentry"],"_links":{"self":[{"href":"https:\/\/www.lescomediensdelagenetouze.fr\/index.php\/wp-json\/wp\/v2\/pages\/6","targetHints":{"allow":["GET"]}}],"collection":[{"href":"https:\/\/www.lescomediensdelagenetouze.fr\/index.php\/wp-json\/wp\/v2\/pages"}],"about":[{"href":"https:\/\/www.lescomediensdelagenetouze.fr\/index.php\/wp-json\/wp\/v2\/types\/page"}],"author":[{"embeddable":true,"href":"https:\/\/www.lescomediensdelagenetouze.fr\/index.php\/wp-json\/wp\/v2\/users\/1"}],"replies":[{"embeddable":true,"href":"https:\/\/www.lescomediensdelagenetouze.fr\/index.php\/wp-json\/wp\/v2\/comments?post=6"}],"version-history":[{"count":157,"href":"https:\/\/www.lescomediensdelagenetouze.fr\/index.php\/wp-json\/wp\/v2\/pages\/6\/revisions"}],"predecessor-version":[{"id":1151,"href":"https:\/\/www.lescomediensdelagenetouze.fr\/index.php\/wp-json\/wp\/v2\/pages\/6\/revisions\/1151"}],"wp:attachment":[{"href":"https:\/\/www.lescomediensdelagenetouze.fr\/index.php\/wp-json\/wp\/v2\/media?parent=6"}],"curies":[{"name":"wp","href":"https:\/\/api.w.org\/{rel}","templated":true}]}}

<h2 class="wp-block-heading has-text-align-center">Théâtre des Arts<br>La Genétouze</h2>



<p class="has-text-align-center">Les Comédiens de la Genétouze présentent cette année</p>



<h2 class="wp-block-heading has-text-align-center"><mark style="background-color:rgba(0, 0, 0, 0)" class="has-inline-color has-vivid-red-color">Le Tartuffe ou l&rsquo;hypocrite</mark></h2>



<p class="has-text-align-center">comédie en 3 actes de Molière restituée par Georges Forestier</p>



<p class="has-text-align-center">Mise en scène Jean-Claude Gauthier.</p>



<p class="has-text-align-center"><sup>En quête de perfection chrétienne, le riche Orgon a recueilli chez lui le dévot Tartuffe pour qu’il<br>guide toute la maisonnée sur les chemins du ciel. Mais Tartuffe a d’autres projets en tête… Elmire<br>la femme d’Orgon et la perspective d’une confortable donation du maître de maison sont des<br>projets bien plus passionnants….</sup></p>



<p class="has-text-align-center">À vos agendas ! </p>


<div class="wp-block-image">
<figure class="aligncenter size-large is-resized"><img loading="lazy" decoding="async" width="724" height="1024" src="https://www.lescomediensdelagenetouze.fr/wp-content/uploads/2025/12/Affiche_Tartuffe_ComediensGenetouze_2026-724x1024.jpg" alt="" class="wp-image-1054" style="aspect-ratio:0.7069126484240424;width:506px;height:auto" srcset="https://www.lescomediensdelagenetouze.fr/wp-content/uploads/2025/12/Affiche_Tartuffe_ComediensGenetouze_2026-724x1024.jpg 724w, https://www.lescomediensdelagenetouze.fr/wp-content/uploads/2025/12/Affiche_Tartuffe_ComediensGenetouze_2026-212x300.jpg 212w, https://www.lescomediensdelagenetouze.fr/wp-content/uploads/2025/12/Affiche_Tartuffe_ComediensGenetouze_2026-768x1086.jpg 768w, https://www.lescomediensdelagenetouze.fr/wp-content/uploads/2025/12/Affiche_Tartuffe_ComediensGenetouze_2026-1086x1536.jpg 1086w, https://www.lescomediensdelagenetouze.fr/wp-content/uploads/2025/12/Affiche_Tartuffe_ComediensGenetouze_2026-1448x2048.jpg 1448w, https://www.lescomediensdelagenetouze.fr/wp-content/uploads/2025/12/Affiche_Tartuffe_ComediensGenetouze_2026.jpg 1587w" sizes="auto, (max-width: 724px) 100vw, 724px" /></figure>
</div>


<blockquote class="wp-block-quote is-layout-flow wp-block-quote-is-layout-flow">
<p class="has-text-align-center"></p>
</blockquote>

<p>Théâtre des ArtsLa Genétouze Les Comédiens de la Genétouze présentent cette année Le Tartuffe ou l&rsquo;hypocrite comédie en 3 actes de Molière restituée par Georges Forestier Mise en scène Jean-Claude Gauthier. En quête de perfection chrétienne, le riche Orgon a recueilli chez lui le dévot Tartuffe pour qu’ilguide toute la maisonnée sur les chemins du &hellip; </p>
