{"id":17,"date":"2023-12-20T13:16:20","date_gmt":"2023-12-20T12:16:20","guid":{"rendered":"http:\/\/www.lescomediensdelagenetouze.fr\/?page_id=17"},"modified":"2026-01-18T13:27:31","modified_gmt":"2026-01-18T12:27:31","slug":"notre-troupe","status":"publish","type":"page","link":"https:\/\/www.lescomediensdelagenetouze.fr\/index.php\/notre-troupe\/","title":{"rendered":"Notre troupe"},"content":{"rendered":"\n<h2 class=\"wp-block-heading has-text-align-center\"><sup>Pr\u00e9sentation des<\/sup><br><sup>Com\u00e9diens de la Gen\u00e9touze<\/sup><\/h2>\n\n\n\n<blockquote class=\"wp-block-quote is-layout-flow wp-block-quote-is-layout-flow\">\n<h4 class=\"wp-block-heading\">Plus de 120 ans d&rsquo;histoire !<\/h4>\n<\/blockquote>\n\n\n\n<p class=\"has-text-align-center\">Le th\u00e9\u00e2tre \u00e0 La Gen\u00e9touze a vu le jour en <strong>1902<\/strong>. Depuis, \u00e0 l\u2019exception des p\u00e9riodes de guerre, la troupe a pr\u00e9sent\u00e9 chaque ann\u00e9e un ou deux spectacles. <strong>En 1994<\/strong>, nous avons choisi de <strong>collaborer avec un metteur en sc\u00e8ne professionnel<\/strong> afin d\u2019enrichir nos mises en sc\u00e8ne et d&rsquo;accompagner nos acteurs. Notre r\u00e9pertoire m\u00eale des <strong>\u0153uvres classiques et contemporaines<\/strong>. <\/p>\n\n\n\n<p class=\"has-text-align-center\">Parmi nos r\u00e9centes productions figurent <em>Le Dindon<\/em> de Georges Feydeau,<br><em>Klaxon, trompettes\u2026 et p\u00e9tarades<\/em>\u00a0de Dario Fo,<br><em>Le Ravissement d\u2019Ad\u00e8le<\/em>\u00a0de R\u00e9mi De Vos,<br><em>La Toile d\u2019araign\u00e9e<\/em>\u00a0d\u2019Agatha Christie,\u00a0<em>Cendrillon<\/em>\u00a0de Jo\u00ebl Pommerat, <br><em>Fun\u00e9railles d&rsquo;hiver<\/em> d&rsquo;Hanokh Levin et en pr\u00e9paration <em>Tartuffe ou l&rsquo;hypocrite<\/em> de Moli\u00e8re.<\/p>\n\n\n\n<figure class=\"wp-block-image size-large\"><img loading=\"lazy\" decoding=\"async\" width=\"1024\" height=\"497\" src=\"http:\/\/www.lescomediensdelagenetouze.fr\/wp-content\/uploads\/2024\/02\/la_troupe-1024x497.jpeg\" alt=\"\" class=\"wp-image-138\" srcset=\"https:\/\/www.lescomediensdelagenetouze.fr\/wp-content\/uploads\/2024\/02\/la_troupe-1024x497.jpeg 1024w, https:\/\/www.lescomediensdelagenetouze.fr\/wp-content\/uploads\/2024\/02\/la_troupe-300x146.jpeg 300w, https:\/\/www.lescomediensdelagenetouze.fr\/wp-content\/uploads\/2024\/02\/la_troupe-768x373.jpeg 768w, https:\/\/www.lescomediensdelagenetouze.fr\/wp-content\/uploads\/2024\/02\/la_troupe-1536x745.jpeg 1536w, https:\/\/www.lescomediensdelagenetouze.fr\/wp-content\/uploads\/2024\/02\/la_troupe-2048x994.jpeg 2048w, https:\/\/www.lescomediensdelagenetouze.fr\/wp-content\/uploads\/2024\/02\/la_troupe-124x60.jpeg 124w\" sizes=\"auto, (max-width: 1024px) 100vw, 1024px\" \/><\/figure>\n\n\n\n<p><\/p>\n\n\n\n<h2 class=\"wp-block-heading has-text-align-center\"><strong>Notre th\u00e9\u00e2tre<\/strong><\/h2>\n\n\n\n<p class=\"has-text-align-center\">La salle de th\u00e9\u00e2tre de la commune a \u00e9t\u00e9 enti\u00e8rement refaite \u00e0 neuf en 2022 suite \u00e0 un incendie en 2018. Sa capacit\u00e9 est de 177 places.<\/p>\n\n\n\n<figure class=\"wp-block-gallery has-nested-images columns-default is-cropped wp-block-gallery-1 is-layout-flex wp-block-gallery-is-layout-flex\">\n<figure class=\"wp-block-image size-large\"><img loading=\"lazy\" decoding=\"async\" width=\"1024\" height=\"794\" data-id=\"93\" src=\"http:\/\/www.lescomediensdelagenetouze.fr\/wp-content\/uploads\/2024\/02\/theatre_vuedelascene-1024x794.jpeg\" alt=\"\" class=\"wp-image-93\" srcset=\"https:\/\/www.lescomediensdelagenetouze.fr\/wp-content\/uploads\/2024\/02\/theatre_vuedelascene-1024x794.jpeg 1024w, https:\/\/www.lescomediensdelagenetouze.fr\/wp-content\/uploads\/2024\/02\/theatre_vuedelascene-300x233.jpeg 300w, https:\/\/www.lescomediensdelagenetouze.fr\/wp-content\/uploads\/2024\/02\/theatre_vuedelascene-768x596.jpeg 768w, https:\/\/www.lescomediensdelagenetouze.fr\/wp-content\/uploads\/2024\/02\/theatre_vuedelascene-1536x1191.jpeg 1536w, https:\/\/www.lescomediensdelagenetouze.fr\/wp-content\/uploads\/2024\/02\/theatre_vuedelascene-2048x1589.jpeg 2048w, https:\/\/www.lescomediensdelagenetouze.fr\/wp-content\/uploads\/2024\/02\/theatre_vuedelascene-77x60.jpeg 77w\" sizes=\"auto, (max-width: 1024px) 100vw, 1024px\" \/><\/figure>\n\n\n\n<figure class=\"wp-block-image size-large\"><img loading=\"lazy\" decoding=\"async\" width=\"1024\" height=\"1007\" data-id=\"92\" src=\"http:\/\/www.lescomediensdelagenetouze.fr\/wp-content\/uploads\/2024\/02\/theatre_vuedelaregie-1024x1007.jpeg\" alt=\"\" class=\"wp-image-92\" srcset=\"https:\/\/www.lescomediensdelagenetouze.fr\/wp-content\/uploads\/2024\/02\/theatre_vuedelaregie-1024x1007.jpeg 1024w, https:\/\/www.lescomediensdelagenetouze.fr\/wp-content\/uploads\/2024\/02\/theatre_vuedelaregie-300x295.jpeg 300w, https:\/\/www.lescomediensdelagenetouze.fr\/wp-content\/uploads\/2024\/02\/theatre_vuedelaregie-768x756.jpeg 768w, https:\/\/www.lescomediensdelagenetouze.fr\/wp-content\/uploads\/2024\/02\/theatre_vuedelaregie-1536x1511.jpeg 1536w, https:\/\/www.lescomediensdelagenetouze.fr\/wp-content\/uploads\/2024\/02\/theatre_vuedelaregie-2048x2015.jpeg 2048w, https:\/\/www.lescomediensdelagenetouze.fr\/wp-content\/uploads\/2024\/02\/theatre_vuedelaregie-61x60.jpeg 61w\" sizes=\"auto, (max-width: 1024px) 100vw, 1024px\" \/><\/figure>\n\n\n\n<figure class=\"wp-block-image size-large\"><img loading=\"lazy\" decoding=\"async\" width=\"768\" height=\"1024\" data-id=\"90\" src=\"http:\/\/www.lescomediensdelagenetouze.fr\/wp-content\/uploads\/2024\/02\/regie_sonlumiere-768x1024.jpeg\" alt=\"\" class=\"wp-image-90\" srcset=\"https:\/\/www.lescomediensdelagenetouze.fr\/wp-content\/uploads\/2024\/02\/regie_sonlumiere-768x1024.jpeg 768w, https:\/\/www.lescomediensdelagenetouze.fr\/wp-content\/uploads\/2024\/02\/regie_sonlumiere-225x300.jpeg 225w, https:\/\/www.lescomediensdelagenetouze.fr\/wp-content\/uploads\/2024\/02\/regie_sonlumiere-1152x1536.jpeg 1152w, https:\/\/www.lescomediensdelagenetouze.fr\/wp-content\/uploads\/2024\/02\/regie_sonlumiere-1536x2048.jpeg 1536w, https:\/\/www.lescomediensdelagenetouze.fr\/wp-content\/uploads\/2024\/02\/regie_sonlumiere-45x60.jpeg 45w, https:\/\/www.lescomediensdelagenetouze.fr\/wp-content\/uploads\/2024\/02\/regie_sonlumiere-scaled.jpeg 1920w\" sizes=\"auto, (max-width: 768px) 100vw, 768px\" \/><\/figure>\n<\/figure>\n","protected":false},"excerpt":{"rendered":"<p>Pr\u00e9sentation desCom\u00e9diens de la Gen\u00e9touze Plus de 120 ans d&rsquo;histoire ! Le th\u00e9\u00e2tre \u00e0 La Gen\u00e9touze a vu le jour en 1902. Depuis, \u00e0 l\u2019exception des p\u00e9riodes de guerre, la troupe a pr\u00e9sent\u00e9 chaque ann\u00e9e un ou deux spectacles. En 1994, nous avons choisi de collaborer avec un metteur en sc\u00e8ne professionnel afin d\u2019enrichir nos &hellip; <\/p>\n","protected":false},"author":1,"featured_media":0,"parent":0,"menu_order":0,"comment_status":"closed","ping_status":"closed","template":"","meta":{"footnotes":""},"class_list":["post-17","page","type-page","status-publish","hentry"],"_links":{"self":[{"href":"https:\/\/www.lescomediensdelagenetouze.fr\/index.php\/wp-json\/wp\/v2\/pages\/17","targetHints":{"allow":["GET"]}}],"collection":[{"href":"https:\/\/www.lescomediensdelagenetouze.fr\/index.php\/wp-json\/wp\/v2\/pages"}],"about":[{"href":"https:\/\/www.lescomediensdelagenetouze.fr\/index.php\/wp-json\/wp\/v2\/types\/page"}],"author":[{"embeddable":true,"href":"https:\/\/www.lescomediensdelagenetouze.fr\/index.php\/wp-json\/wp\/v2\/users\/1"}],"replies":[{"embeddable":true,"href":"https:\/\/www.lescomediensdelagenetouze.fr\/index.php\/wp-json\/wp\/v2\/comments?post=17"}],"version-history":[{"count":60,"href":"https:\/\/www.lescomediensdelagenetouze.fr\/index.php\/wp-json\/wp\/v2\/pages\/17\/revisions"}],"predecessor-version":[{"id":1064,"href":"https:\/\/www.lescomediensdelagenetouze.fr\/index.php\/wp-json\/wp\/v2\/pages\/17\/revisions\/1064"}],"wp:attachment":[{"href":"https:\/\/www.lescomediensdelagenetouze.fr\/index.php\/wp-json\/wp\/v2\/media?parent=17"}],"curies":[{"name":"wp","href":"https:\/\/api.w.org\/{rel}","templated":true}]}}

<h2 class="wp-block-heading has-text-align-center"><sup>Présentation des</sup><br><sup>Comédiens de la Genétouze</sup></h2>



<blockquote class="wp-block-quote is-layout-flow wp-block-quote-is-layout-flow">
<h4 class="wp-block-heading">Plus de 120 ans d&rsquo;histoire !</h4>
</blockquote>



<p class="has-text-align-center">Le théâtre à La Genétouze a vu le jour en <strong>1902</strong>. Depuis, à l’exception des périodes de guerre, la troupe a présenté chaque année un ou deux spectacles. <strong>En 1994</strong>, nous avons choisi de <strong>collaborer avec un metteur en scène professionnel</strong> afin d’enrichir nos mises en scène et d&rsquo;accompagner nos acteurs. Notre répertoire mêle des <strong>œuvres classiques et contemporaines</strong>. </p>



<p class="has-text-align-center">Parmi nos récentes productions figurent <em>Le Dindon</em> de Georges Feydeau,<br><em>Klaxon, trompettes… et pétarades</em> de Dario Fo,<br><em>Le Ravissement d’Adèle</em> de Rémi De Vos,<br><em>La Toile d’araignée</em> d’Agatha Christie, <em>Cendrillon</em> de Joël Pommerat, <br><em>Funérailles d&rsquo;hiver</em> d&rsquo;Hanokh Levin et en préparation <em>Tartuffe ou l&rsquo;hypocrite</em> de Molière.</p>



<figure class="wp-block-image size-large"><img loading="lazy" decoding="async" width="1024" height="497" src="http://www.lescomediensdelagenetouze.fr/wp-content/uploads/2024/02/la_troupe-1024x497.jpeg" alt="" class="wp-image-138" srcset="https://www.lescomediensdelagenetouze.fr/wp-content/uploads/2024/02/la_troupe-1024x497.jpeg 1024w, https://www.lescomediensdelagenetouze.fr/wp-content/uploads/2024/02/la_troupe-300x146.jpeg 300w, https://www.lescomediensdelagenetouze.fr/wp-content/uploads/2024/02/la_troupe-768x373.jpeg 768w, https://www.lescomediensdelagenetouze.fr/wp-content/uploads/2024/02/la_troupe-1536x745.jpeg 1536w, https://www.lescomediensdelagenetouze.fr/wp-content/uploads/2024/02/la_troupe-2048x994.jpeg 2048w, https://www.lescomediensdelagenetouze.fr/wp-content/uploads/2024/02/la_troupe-124x60.jpeg 124w" sizes="auto, (max-width: 1024px) 100vw, 1024px" /></figure>



<p></p>



<h2 class="wp-block-heading has-text-align-center"><strong>Notre théâtre</strong></h2>



<p class="has-text-align-center">La salle de théâtre de la commune a été entièrement refaite à neuf en 2022 suite à un incendie en 2018. Sa capacité est de 177 places.</p>



<figure class="wp-block-gallery has-nested-images columns-default is-cropped wp-block-gallery-1 is-layout-flex wp-block-gallery-is-layout-flex">
<figure class="wp-block-image size-large"><img loading="lazy" decoding="async" width="1024" height="794" data-id="93" src="http://www.lescomediensdelagenetouze.fr/wp-content/uploads/2024/02/theatre_vuedelascene-1024x794.jpeg" alt="" class="wp-image-93" srcset="https://www.lescomediensdelagenetouze.fr/wp-content/uploads/2024/02/theatre_vuedelascene-1024x794.jpeg 1024w, https://www.lescomediensdelagenetouze.fr/wp-content/uploads/2024/02/theatre_vuedelascene-300x233.jpeg 300w, https://www.lescomediensdelagenetouze.fr/wp-content/uploads/2024/02/theatre_vuedelascene-768x596.jpeg 768w, https://www.lescomediensdelagenetouze.fr/wp-content/uploads/2024/02/theatre_vuedelascene-1536x1191.jpeg 1536w, https://www.lescomediensdelagenetouze.fr/wp-content/uploads/2024/02/theatre_vuedelascene-2048x1589.jpeg 2048w, https://www.lescomediensdelagenetouze.fr/wp-content/uploads/2024/02/theatre_vuedelascene-77x60.jpeg 77w" sizes="auto, (max-width: 1024px) 100vw, 1024px" /></figure>



<figure class="wp-block-image size-large"><img loading="lazy" decoding="async" width="1024" height="1007" data-id="92" src="http://www.lescomediensdelagenetouze.fr/wp-content/uploads/2024/02/theatre_vuedelaregie-1024x1007.jpeg" alt="" class="wp-image-92" srcset="https://www.lescomediensdelagenetouze.fr/wp-content/uploads/2024/02/theatre_vuedelaregie-1024x1007.jpeg 1024w, https://www.lescomediensdelagenetouze.fr/wp-content/uploads/2024/02/theatre_vuedelaregie-300x295.jpeg 300w, https://www.lescomediensdelagenetouze.fr/wp-content/uploads/2024/02/theatre_vuedelaregie-768x756.jpeg 768w, https://www.lescomediensdelagenetouze.fr/wp-content/uploads/2024/02/theatre_vuedelaregie-1536x1511.jpeg 1536w, https://www.lescomediensdelagenetouze.fr/wp-content/uploads/2024/02/theatre_vuedelaregie-2048x2015.jpeg 2048w, https://www.lescomediensdelagenetouze.fr/wp-content/uploads/2024/02/theatre_vuedelaregie-61x60.jpeg 61w" sizes="auto, (max-width: 1024px) 100vw, 1024px" /></figure>



<figure class="wp-block-image size-large"><img loading="lazy" decoding="async" width="768" height="1024" data-id="90" src="http://www.lescomediensdelagenetouze.fr/wp-content/uploads/2024/02/regie_sonlumiere-768x1024.jpeg" alt="" class="wp-image-90" srcset="https://www.lescomediensdelagenetouze.fr/wp-content/uploads/2024/02/regie_sonlumiere-768x1024.jpeg 768w, https://www.lescomediensdelagenetouze.fr/wp-content/uploads/2024/02/regie_sonlumiere-225x300.jpeg 225w, https://www.lescomediensdelagenetouze.fr/wp-content/uploads/2024/02/regie_sonlumiere-1152x1536.jpeg 1152w, https://www.lescomediensdelagenetouze.fr/wp-content/uploads/2024/02/regie_sonlumiere-1536x2048.jpeg 1536w, https://www.lescomediensdelagenetouze.fr/wp-content/uploads/2024/02/regie_sonlumiere-45x60.jpeg 45w, https://www.lescomediensdelagenetouze.fr/wp-content/uploads/2024/02/regie_sonlumiere-scaled.jpeg 1920w" sizes="auto, (max-width: 768px) 100vw, 768px" /></figure>
</figure>

<p>Présentation desComédiens de la Genétouze Plus de 120 ans d&rsquo;histoire ! Le théâtre à La Genétouze a vu le jour en 1902. Depuis, à l’exception des périodes de guerre, la troupe a présenté chaque année un ou deux spectacles. En 1994, nous avons choisi de collaborer avec un metteur en scène professionnel afin d’enrichir nos &hellip; </p>
